
2, 3, 47
Let m be 90/27*(-6)/(-4). Let h be m/10*(57 + 1). Suppose 4 = -5*s + h. List the prime factors of s.
5
Let r = -6 - -9. Let t(o) = -o**2 + 5*o - 2. Let i be t(r). What are the prime factors of (16*11)/i - 0?
2, 11
Suppose 9*p + 12 = 6*p. List the prime factors of (-16)/(-3)*(-51)/p.
2, 17
Let u be 14/4*(-24)/(-3). Let y = -63 + u. Let i = 53 + y. What are the prime factors of i?
2, 3
Suppose 5*k - k + 4*i - 28 = 0, -27 = -5*k - i. Suppose k = -3*b + 92. List the prime factors of b.
29
Let p(q) = 4*q + 2 - 3*q - 3 - 9. List the prime factors of p(14).
2
Suppose -2*f - 73 = -3*z, f + 0*z = 2*z - 38. Let w be (-3)/(12/f) - 3. Let l = w - -14. List the prime factors of l.
19
Suppose 49 = 22*q + 5. Suppose -q*i = 9 - 171. List the prime factors of i.
3
Let c = 3 - 1. Let r(b) = -b**2 + b + 2. Let a be r(c). Let w = a + 4. What are the prime factors of w?
2
Suppose 14*a - 23621 = -7577. List the prime factors of a.
2, 3, 191
Let b(s) = -8 + s + 15 + 8. Suppose -4*o + 2*o - 10 = m, 15 = -m - 3*o. List the prime factors of b(m).
3, 5
Let q(a) = 4*a**2 - 17*a + 31. List the prime factors of q(16).
3, 29
Let z be 1*(4 - 0) - 34. Let s be (-24)/z - 8/10. Suppose -2*p = -4*j - 20, -3*p = -s*j - j - 30. What are the prime factors of p?
2, 5
Suppose 5*f + 27 - 197 = 0. List the prime factors of 51/f*(-92)/(-6).
23
Let h(l) = -7*l + 0 + 3 + 10*l. Let v be h(-6). What are the prime factors of 3*10*(-6)/v?
2, 3
Let c(j) be the third derivative of -j**6/120 - 7*j**5/20 + 11*j**4/6 + 3*j**3 + 26*j**2. What are the prime factors of c(-23)?
2
Suppose -14 = -4*p + 2. Let z = -156 - -221. Suppose p*q - z = -q. List the prime factors of q.
13
Let t be (3 + -3)/(4 + -2). Let g = t - -1. Suppose 2*s + g + 1 = 4*a, -2*s = 5*a - 34. What are the prime factors of s?
7
Let s(u) = -80*u - 35. Let b(v) = -9*v - 4. Let m(l) = -35*b(l) + 4*s(l). Let n(t) = 10*t. Let c(w) = 5*m(w) + 2*n(w). List the prime factors of c(-5).
5
Let b = 1687 + -1171. List the prime factors of b.
2, 3, 43
Suppose 1680 = 16*o - 13*o. Suppose -428 - o = -4*z. Suppose -4*n + 178 = -i, -i - 73 + z = 4*n. What are the prime factors of n?
2, 11
What are the prime factors of -2*3783/6*-1*1?
13, 97
Let o = -30 - -55. Suppose -41 - o = -3*x. List the prime factors of x.
2, 11
Suppose -678 = -3*a - 0*a. Suppose 3*p - 4*k - a = 0, -2*p - 3*k = -68 - 94. List the prime factors of p.
2, 3, 13
Let f be ((-30)/4)/((-6)/16). Suppose -f = -3*z - 5. Suppose 1 = -t - 3, -5*c - z*t + 95 = 0. What are the prime factors of c?
23
Suppose 2*t + 180 = -2*t. Let f be 18/t + 104/10. List the prime factors of f/((-14)/4 - -4).
2, 5
Let o(b) = b**3 + b**2. Let p be o(-2). Let r = 2 + p. What are the prime factors of (-1 + r/(-1))*15?
3, 5
Let u be (-2 + -1)*-1 + 2. Suppose u = -3*m + 89. Let s = m - 16. What are the prime factors of s?
2, 3
Suppose 4*b - 6 = 2. Suppose b*p + 3*r - 15 = 0, 6*r = 2*p + r + 25. Suppose p = 4*s - 64 - 100. List the prime factors of s.
41
Suppose 4*s - 3 = s, 3*y - 5*s = 1387. What are the prime factors of y?
2, 29
What are the prime factors of 10/45 + (-1)/((-27)/35175)?
1303
Let y(t) = 24*t**2 + 26*t + 188. List the prime factors of y(-12).
2, 7, 17
Let k(f) = 5*f**2 + 3*f + 2. What are the prime factors of k(-6)?
2, 41
What are the prime factors of (-433)/2*-2*(-3 + 4)?
433
Let v(s) = 230*s - 163. What are the prime factors of v(9)?
1907
Suppose -2*m = 3*b - 656, 5*b + 2*m - 1130 = 6*m. What are the prime factors of b?
2, 3, 37
Let x(i) = 3*i**2 + 30*i + 6. List the prime factors of x(-22).
2, 3, 7, 19
Let n(b) be the first derivative of -b**4/12 + 2*b**3/3 - 3*b**2 + 4. Let w(j) be the second derivative of n(j). What are the prime factors of w(-5)?
2, 7
Let t be ((-1)/(-1))/(6/(-54)). Let b(a) = -a**2 - 13*a + 19. What are the prime factors of b(t)?
5, 11
Let k be 1*((-54)/(-15) + 4/10). Suppose 0 = 2*w + 2*m - 136, -w - k*m = -4*w + 211. What are the prime factors of w?
3, 23
Let q be (-6 - (6 + -9)) + 2*-3. List the prime factors of (-547)/(-9) - 1/q*2.
61
Suppose 2*t + k - 656 = 0, 3*t = -t - 5*k + 1306. Let p = t + -146. Suppose 0 = -5*j - 4*g + p, -5*g + 4*g = j - 36. What are the prime factors of j?
3, 13
Suppose 4*b - 7*b = -39. Let d = b + -10. Suppose -d*a + 81 = -y, 0 = 5*a + 4*y - 78 - 74. List the prime factors of a.
2, 7
Suppose 2094 = 23*j - 55406. What are the prime factors of j?
2, 5
Let o(l) = 8 + l - 3 + 3 + 8. Let v be o(11). Suppose 2 + 13 = -3*n, -r + v = -n. What are the prime factors of r?
2, 11
Let x(f) = f**3 - f**2 - 1. Let z(c) = 3*c**3 - 22*c**2 - 15*c - 10. Let s(w) = -2*x(w) + z(w). List the prime factors of s(21).
2, 59
Suppose -x + 104 = 3*m, -183 = -4*x - 4*m + 217. List the prime factors of x.
2, 7
Let c = 1771 - 1581. List the prime factors of c.
2, 5, 19
Let w = -6 - 9. Let u = w - -30. What are the prime factors of u?
3, 5
Suppose 3*z + 365 = 1094. What are the prime factors of z?
3
Let j(p) = 3*p**2 + 3*p + 6. Let x be j(-4). Let z be ((-42)/5)/(23/(-115)). Suppose 2*t = 2*q + x, -2*t + 4*q + z = q. List the prime factors of t.
3, 7
Let i(q) = 15 - q - 11 + q**3 - 3*q**2 + 13*q**2 + 11*q. What are the prime factors of i(-5)?
79
Suppose 4*q - 104 = 4*h, 3*q + 2*h + 18 - 101 = 0. Suppose 2*p + q = 9. Let o = p + 11. What are the prime factors of o?
2
What are the prime factors of 5 - (-698 - (4 - -3))?
2, 5, 71
Let m = -100 - -105. Let q be (-2)/3*9/(-3). Suppose -q*a = a, 5*a - 105 = -m*f. List the prime factors of f.
3, 7
What are the prime factors of (-8364)/(-22) + 30/(-165)?
2, 5, 19
Let y be 2/3*(-2 - -13 - -1). What are the prime factors of 1 + ((-2)/(-8) - (-142)/y)?
19
Suppose 17*d = 3*a + 19*d - 119, -2*d - 4 = 0. List the prime factors of a.
41
Let l = 15 - 0. Suppose 0 = 4*y - 4*j - 11 - 9, 3*y - 4*j = l. Suppose y*x - 2*u = -7*u + 255, -x = -4*u - 36. What are the prime factors of x?
2, 3
Suppose 12 = -2*g + l + 3*l, 5*g - 2*l - 10 = 0. Suppose -3*x - 5*t + 78 = 0, g*x = -3*t - 45 + 160. What are the prime factors of x?
31
Suppose 4*l = -0*l - 56. Let t(u) = -4*u - 16. Let p be t(l). Suppose -2*i = 8 - p. What are the prime factors of i?
2
Suppose -10*o = -11*o. Suppose -4*d + 3*f + 117 = o, 0 = -2*d + 7*f - 2*f + 69. What are the prime factors of d?
3
Suppose -4*f - 136 = -i - 7*f, -i = 4*f - 141. Suppose 0 = -2*w + 4*a + i + 7, 3*a = 5*w - 306. What are the prime factors of w?
2, 3, 5
Let q be ((-190)/(-19))/((-1)/2). Let k(c) = -c**2 - 19*c + 23. List the prime factors of k(q).
3
Suppose -4*g + g - 24 = 0. Let z(h) = 4*h**2 + 16*h + 5. List the prime factors of z(g).
7, 19
Suppose 2*y - 4 = 2. Suppose 3*j - y*a - 34 = 2*j, 2*j - 84 = -2*a. What are the prime factors of j?
2, 5
List the prime factors of (1265 + 21)*(-3)/(-3).
2, 643
Let z = -162 + 165. Let p be -3 + 3 + -2 - -12. Suppose z*f - 41 = p. List the prime factors of f.
17
Suppose -2*p = 5*t - 24865, 5*p + 28 - 3 = 0. List the prime factors of t.
5, 199
Let a = 88 - 60. List the prime factors of 40*(a/(-8) - -4).
2, 5
Let u(d) = 2 - 2 + 1 - 2*d. Let b be u(-2). Suppose o - 3*o - 148 = -b*l, l + 4*o = 34. List the prime factors of l.
2, 3, 5
Suppose q + 6 = -8. Let b be (0 - 1)*(-1 - q). Let y = b + 32. List the prime factors of y.
19
Let z = -106 - -111. List the prime factors of (-4)/z*10/(-4) + 84.
2, 43
Suppose f - 5 = -2. Suppose 34 = 2*j + v, j - f = -v + 4*v. What are the prime factors of ((-6)/(-10))/(3/j)?
3
Suppose 3*l - 2*p = 169, 5*l - 330 = 4*p - 45. Let h = 7 + l. List the prime factors of h.
2, 3, 5
Suppose 3 = i - 0. Suppose 0 = -2*u - i*u. Suppose 2*x - v = -u*x + 91, -2*x = 2*v - 82. What are the prime factors of x?
2, 11
Suppose -4*k - 24 = 4*x, -4*x - 54 = -0*x - 2*k. Let d = 19 - 0. Let m = x + d. List the prime factors of m.
2
Let w = -843 - -883. List the prime factors of w.
2, 5
Let d = -24 - -31. What are the prime factors of 3/d - (-610)/14?
2, 11
List the prime factors of (12 - (-4347)/(-14))/(2/(-4)).
3, 199
Let y be (8/(-3))/2*(18 - 21). Let z(o) = o**3 + o**2 - 3*o + 6. List the prime factors of z(y).
2, 37
Let i(r) = -r + 1. Suppose s - u + 2 = 0, 0 = -4*s + s - 3*u. Let q(c) = 7*c - 24. Let x(a) = s*q(a) - 6*i(a). List the prime factors of x(-16).
2, 17
Suppose 3*n = 3*t - 0*n - 24, 0 = -5*t - 3*n. Let w(s) = -5*s**3 + 3*s**t + 9*s**3 - 10*